{"id":365,"date":"2022-12-06T16:25:38","date_gmt":"2022-12-06T16:25:38","guid":{"rendered":"https:\/\/qzhi.org\/ali-asllani\/"},"modified":"2023-03-23T09:58:32","modified_gmt":"2023-03-23T09:58:32","slug":"ali-asllani","status":"publish","type":"page","link":"https:\/\/qzhi.org\/en\/ali-asllani\/","title":{"rendered":"ALI ASLLANI"},"content":{"rendered":"<p>[vc_row][vc_column][vc_column_text]Projekti \u201cPas Vargut t\u00eb Ali Asllanit\u201d \u00ebsht\u00eb nj\u00eb projekt i mb\u00ebshtetur nga Ministria e Kultur\u00ebs i cili ka si synim krijimin e nj\u00eb platforme online n\u00eb sh\u00ebrbim t\u00eb promovimit t\u00eb trash\u00ebgimis\u00eb kulturore, duke pasur n\u00eb fokus t\u00eb vecant\u00eb nd\u00ebrkomb\u00ebtarizimin e emrit t\u00eb poetit Ali Asllani dhe promovimin e krijuesve t\u00eb diaspor\u00ebs.<\/p>\n<p>\n\nKjo platform\u00eb e krijuar n\u00eb funksion t\u00eb projektit, synon t\u00eb rikthej\u00eb v\u00ebmendjen n\u00eb trash\u00ebgimin\u00eb kulturore t\u00eb fshatit Vajz\u00eb duke e lidhur me teknologjin\u00eb digitale p\u00ebr t\u00eb transmetuar tek t\u00eb rinjt\u00eb jo vet\u00ebm kultur\u00ebn por dhe origjin\u00ebn e trash\u00ebguar nd\u00ebr vite. Kjo platform\u00eb synon revitalizmin e zon\u00ebs dhe kthimin e k\u00ebsaj t\u00eb fundit n\u00eb nj\u00eb atraksion kulturor, turistik dhe jo vet\u00ebm.<\/p>\n<p>[\/vc_column_text][\/vc_column][\/vc_row][vc_row][vc_column centered_cont=&#8221;true&#8221;][vc_btn title=&#8221;Vizito &#8211; Projekti Ali Asllani&#8221; color=&#8221;inverse&#8221; link=&#8221;url:https%3A%2F%2Fwww.aliasllani.adp.al%2F&#8221;][\/vc_column][\/vc_row]<\/p>","protected":false},"excerpt":{"rendered":"<p>[vc_row][vc_column][vc_column_text]Projekti \u201cPas Vargut t\u00eb Ali Asllanit\u201d \u00ebsht\u00eb nj\u00eb projekt i mb\u00ebshtetur nga Ministria e Kultur\u00ebs i cili ka si synim krijimin e nj\u00eb platforme online n\u00eb sh\u00ebrbim t\u00eb promovimit t\u00eb trash\u00ebgimis\u00eb kulturore, duke pasur n\u00eb fokus t\u00eb vecant\u00eb nd\u00ebrkomb\u00ebtarizimin e emrit t\u00eb poetit Ali Asllani dhe promovimin e krijuesve t\u00eb diaspor\u00ebs. Kjo platform\u00eb e krijuar [&hellip;]<\/p>\n","protected":false},"author":1,"featured_media":354,"parent":0,"menu_order":0,"comment_status":"closed","ping_status":"closed","template":"","meta":{"footnotes":""},"class_list":["post-365","page","type-page","status-publish","has-post-thumbnail","hentry"],"_links":{"self":[{"href":"https:\/\/qzhi.org\/en\/wp-json\/wp\/v2\/pages\/365","targetHints":{"allow":["GET"]}}],"collection":[{"href":"https:\/\/qzhi.org\/en\/wp-json\/wp\/v2\/pages"}],"about":[{"href":"https:\/\/qzhi.org\/en\/wp-json\/wp\/v2\/types\/page"}],"author":[{"embeddable":true,"href":"https:\/\/qzhi.org\/en\/wp-json\/wp\/v2\/users\/1"}],"replies":[{"embeddable":true,"href":"https:\/\/qzhi.org\/en\/wp-json\/wp\/v2\/comments?post=365"}],"version-history":[{"count":1,"href":"https:\/\/qzhi.org\/en\/wp-json\/wp\/v2\/pages\/365\/revisions"}],"predecessor-version":[{"id":366,"href":"https:\/\/qzhi.org\/en\/wp-json\/wp\/v2\/pages\/365\/revisions\/366"}],"wp:featuredmedia":[{"embeddable":true,"href":"https:\/\/qzhi.org\/en\/wp-json\/wp\/v2\/media\/354"}],"wp:attachment":[{"href":"https:\/\/qzhi.org\/en\/wp-json\/wp\/v2\/media?parent=365"}],"curies":[{"name":"wp","href":"https:\/\/api.w.org\/{rel}","templated":true}]}}

<p>[vc_row][vc_column][vc_column_text]Projekti “Pas Vargut të Ali Asllanit” është një projekt i mbështetur nga Ministria e Kulturës i cili ka si synim krijimin e një platforme online në shërbim të promovimit të trashëgimisë kulturore, duke pasur në fokus të vecantë ndërkombëtarizimin e emrit të poetit Ali Asllani dhe promovimin e krijuesve të diasporës.</p>
<p>

Kjo platformë e krijuar në funksion të projektit, synon të rikthejë vëmendjen në trashëgiminë kulturore të fshatit Vajzë duke e lidhur me teknologjinë digitale për të transmetuar tek të rinjtë jo vetëm kulturën por dhe origjinën e trashëguar ndër vite. Kjo platformë synon revitalizmin e zonës dhe kthimin e kësaj të fundit në një atraksion kulturor, turistik dhe jo vetëm.</p>
<p>[/vc_column_text][/vc_column][/vc_row][vc_row][vc_column centered_cont=&#8221;true&#8221;][vc_btn title=&#8221;Vizito &#8211; Projekti Ali Asllani&#8221; color=&#8221;inverse&#8221; link=&#8221;url:https%3A%2F%2Fwww.aliasllani.adp.al%2F&#8221;][/vc_column][/vc_row]</p>

<p>[vc_row][vc_column][vc_column_text]Projekti “Pas Vargut të Ali Asllanit” është një projekt i mbështetur nga Ministria e Kulturës i cili ka si synim krijimin e një platforme online në shërbim të promovimit të trashëgimisë kulturore, duke pasur në fokus të vecantë ndërkombëtarizimin e emrit të poetit Ali Asllani dhe promovimin e krijuesve të diasporës. Kjo platformë e krijuar [&hellip;]</p>
